nd 3496.
23
What is the highest common divisor of 143 and 11?
11
What is the greatest common factor of 511 and 56?
7
What is the highest common divisor of 380 and 475?
95
What is the highest common divisor of 4644 and 18?
18
What is the highest common factor of 99 and 2871?
99
Calculate the highest common factor of 450 and 102.
6
What is the highest common factor of 4199 and 1292?
323
What is the greatest common factor of 170 and 65?
5
Calculate the greatest common divisor of 817 and 129.
43
Calculate the greatest common factor of 1379 and 21.
7
Calculate the greatest common divisor of 12 and 69.
3
Calculate the highest common divisor of 23122 and 33.
11
What is the greatest common divisor of 171 and 380?
19
Calculate the greatest common factor of 100 and 28.
4
What is the greatest common divisor of 800 and 225?
25
What is the highest common factor of 5 and 1145?
5
Calculate the greatest common divisor of 102 and 5151.
51
Calculate the greatest common factor of 143 and 52.
13
What is the highest common divisor of 3600 and 96?
48
Calculate the highest common factor of 43097 and 71.
71
What is the highest common factor of 30 and 1910?
10
Calculate the highest common factor of 160 and 100.
20
Calculate the greatest common divisor of 1425 and 57.
57
What is the greatest common factor of 2265 and 30?
15
What is the highest common divisor of 82 and 902?
82
Calculate the greatest common divisor of 4605 and 375.
15
Calculate the greatest common factor of 25 and 1255.
5
Calculate the highest common factor of 2261 and 595.
119
What is the greatest common divisor of 5 and 43?
1
Calculate the highest common factor of 16 and 864.
16
What is the greatest common factor of 4 and 1436?
4
What is the greatest common factor of 759 and 264?
33
What is the greatest common divisor of 262 and 655?
131
What is the highest common divisor of 4576 and 260?
52
Calculate the highest common divisor of 13 and 1079.
13
What is the highest common divisor of 441 and 1008?
63
Calculate the greatest common factor of 54 and 10827.
27
What is the greatest common factor of 34 and 153?
17
What is the highest common divisor of 220 and 780?
20
What is the highest common factor of 52 and 8?
4
Calculate the greatest common divisor of 342 and 18.
18
What is the highest common factor of 2048 and 928?
32
What is the greatest common factor of 10 and 106?
2
Calculate the greatest common divisor of 1536 and 6.
6
What is the highest common factor of 2120 and 4?
4
What is the greatest common divisor of 72 and 576?
72
Calculate the highest common factor of 104 and 1612.
52
What is the greatest common divisor of 74 and 14245?
37
Calculate the highest common divisor of 72 and 120.
24
What is the greatest common factor of 369 and 9?
9
What is the greatest common divisor of 336 and 1428?
84
What is the highest common divisor of 511 and 584?
73
What is the highest common factor of 12 and 706?
2
Calculate the highest common factor of 232 and 320.
8
Calculate the highest common factor of 117 and 39.
39
Calculate the highest common divisor of 721 and 309.
103
What is the highest common divisor of 10 and 13670?
10
Calculate the greatest common divisor of 13266 and 594.
198
What is the greatest common factor of 108 and 2646?
54
Calculate the greatest common factor of 448 and 416.
32
Calculate the highest common factor of 126 and 70.
14
What is the greatest common factor of 608 and 1456?
16
What is the greatest common factor of 71 and 284?
71
What is the greatest common factor of 118 and 96878?
118
Calculate the highest common divisor of 29 and 1943.
29
What is the highest common factor of 8465 and 5?
5
What is the greatest common factor of 45 and 369?
9
What is the highest common divisor of 342 and 48?
6
What is the highest common divisor of 735 and 560?
35
What is the greatest common divisor of 355 and 994?
71
Calculate the highest common factor of 80 and 150.
10
Calculate the greatest common divisor of 161 and 8211.
161
What is the greatest common factor of 63 and 7?
7
Calculate the greatest common factor of 585 and 299.
13
Calculate the greatest common factor of 16 and 2836.
4
Calculate the highest common divisor of 184 and 608.
8
What is the highest common divisor of 26190 and 45?
45
What is the greatest common factor of 33 and 3586?
11
What is the greatest common divisor of 77 and 3276?
7
Calculate the greatest common divisor of 435 and 783.
87
What is the highest common factor of 65 and 1755?
65
What is the greatest common factor of 294 and 35133?
147
What is the highest common divisor of 414 and 1104?
138
What is the highest common factor of 1377 and 969?
51
What is the highest common factor of 24 and 552?
24
What is the greatest common divisor of 101 and 3232?
101
Calculate the highest common divisor of 13 and 273.
13
Calculate the greatest common divisor of 192 and 24576.
192
What is the greatest common divisor of 184 and 16?
8
Calculate the highest common divisor of 1 and 106.
1
Calculate the greatest common divisor of 3744 and 216.
72
Calculate the greatest common factor of 1216 and 95.
19
What is the highest common divisor of 48 and 72?
24
What is the greatest common divisor of 7 and 56?
7
What is the highest common divisor of 8 and 232?
8
Calculate the greatest common divisor of 28 and 448.
28
Calculate the greatest common divisor of 174 and 232.
58
What is the greatest common divisor of 37 and 5?
1
What is the highest common factor of 48 and 192?
48
What is the greatest common factor of 161 and 368?
23
What is the greatest common factor of 45 and 1494?
9
What is the greatest common divisor of 136 and 15232?
136
What is the highest common factor of 22 and 30063?
11
What is the greatest common divisor of 435 and 30?
15
Calculate the greatest common factor of 12 and 840.
12
What is the highest common factor of 8 and 12216?
8
What is the highest common factor of 15615 and 315?
45
Calculate the greatest common divisor of 22 and 6.
2
Calculate the highest common factor of 33 and 352.
11
Calculate the highest common factor of 8 and 3464.
8
What is the greatest common divisor of 78 and 338?
26
What is the greatest common divisor of 438 and 6?
6
Calculate the greatest common divisor of 14 and 126.
14
Calculate the highest common divisor of 500 and 4.
4
What is the highest common factor of 1068 and 12?
12
Calculate the greatest common divisor of 32 and 5.
1
Calculate the greatest common divisor of 536 and 16.
8
What is the greatest common divisor of 132 and 5448?
12
What is the greatest common factor of 5 and 235?
5
What is the highest common factor of 3 and 7?
1
Calculate the highest common divisor of 253 and 66.
11
Calculate the highest common factor of 918 and 126.
18
What is the highest common factor of 16 and 232?
8
What is the greatest common factor of 301 and 49?
7
What is the highest common factor of 1392 and 2001?
87
What is the highest common divisor of 30132 and 216?
108
What is the highest common factor of 1360 and 2278?
34
Calculate the highest common divisor of 342 and 2034.
18
Calculate the greatest common factor of 1920 and 15.
15
Calculate the greatest common factor of 1608 and 1407.
201
What is the highest common divisor of 5663 and 7?
7
What is the highest common factor of 12 and 3684?
12
Calculate the highest common divisor of 9 and 27.
9
What is the highest common divisor of 45 and 225?
45
What is the greatest common divisor of 517 and 2?
1
Calculate the greatest common factor of 24728 and 22.
22
What is the highest common divisor of 159 and 15?
3
What is the highest common factor of 4802 and 98?
98
Calculate the highest common factor of 754 and 26.
26
Calculate the greatest common factor of 41112 and 36.
36
Calculate the highest common factor of 1767 and 285.
57
Calculate the highest common divisor of 17 and 11118.
17
Calculate the greatest common factor of 5 and 565.
5
Calculate the highest common divisor of 14 and 147.
7
Calculate the highest common factor of 40 and 620.
20
What is the greatest common divisor of 28 and 140?
28
Calculate the highest common divisor of 917 and 21.
7
What is the greatest common factor of 1353 and 205?
41
Calculate the highest common factor of 354 and 74871.
177
Calculate the greatest common factor of 45 and 300.
15
What is the highest common f